Suppose -w - 30*w = 38936. Is (w/g)/((-40)/100) prime?
False
Suppose -25*m + 18*m = -5922. Let g = 2945 - m. Is g prime?
True
Let g(u) = 6*u**2 + 10*u - 29. Let j = -25 + 37. Let k be g(j). Suppose 2*v = -0*b - 3*b + k, -v - 4*b + 475 = 0. Is v composite?
False
Let j(n) = -n**2 - n + 6. Let b(q) = -q - 20. Let w be b(-17). Let k be j(w). Suppose -3*r + 5*l + 1176 = k, -2*r - l + 2*l = -791. Is r a composite number?
False
Let t = -14 - -17. Suppose 5*f - 5691 = -t*y, 3*y + 2*f - 1452 - 4239 = 0. Is y composite?
True
Suppose -27*g = -24*g + 24. Is (-27717)/4*g/6 a prime number?
True
Suppose 62*o - 63*o + s = -1390, 5*o + 5*s - 6960 = 0. Is o a prime number?
False
Suppose 3*l + 15615 = -3*y, 0 = -3*l + 3*y + 802 - 16417. Let j = 7951 - 11139. Let r = j - l. Is r a prime number?
True
Let i(p) = 35*p**2 - 2*p + 1. Let j = -24 + 22. Let s be i(j). Suppose 4*x - s = 299. Is x prime?
False
Suppose 5*i - 30 = -3*h, 3*i - 2*i = 5*h - 22. Suppose 5*y = -3*c + 3702 + 10018, y - 2722 = -h*c. Is y prime?
False
Let j = 7 + 11. Suppose -j*v + 13*v + 15 = 0. Suppose 4*x - 3375 - 5247 = i, -v*i + 2149 = x. Is x a composite number?
True
Suppose 2*l + 0*l + 3*x = -16, -6 = 5*l - x. Is -5006*15/10*l/6 a composite number?
False
Let h be 74158/(-8) + (29/(-4) - -8). Let y = -4298 - h. Is y prime?
False
Let k(w) = 2632*w + 4. Let b be k(4). Suppose 0 = 4*d - n - 57635, -2*d + 39347 = -3*n + b. Let h = d + -9698. Is h composite?
True
Suppose -2028305 = -34*z + 2720849. Is z prime?
True
Suppose -4*a = -2*r + 470, -3*r = -3*a - 753 + 63. Let s = r + -91. Is s composite?
True
Let u = 138355 + -97086. Is u prime?
True
Suppose 43*f - 1243949 = -4*f. Let u = f - 11448. Is u composite?
True
Let w(y) = 9*y**2 + 42*y - 62. Let t be w(14). Let v be 0 + 3 - 2 - -1. Suppose v*u - 2305 = -4*k + 3*k, 2*u - 4*k = t. Is u prime?
True
Let h(z) = 6*z**2 - 108*z. Let g be h(18). Is 5/(-25) + (6192/10 - g) a composite number?
False
Suppose -2*n + 6 = 2*u, -4 = 4*u - 20. Let v be (-3)/18 - (-6)/36. Is 485 + v/(6 + n) a composite number?
True
Suppose 1074*o = 1068*o + 42972. Is o a prime number?
False
Let m(x) = 18*x**3 + 5*x**2 - 72*x + 8. Let j be (29 - 35) + 26/2. Is m(j) a prime number?
True
Suppose -2*r = f - 25, -f + r = 4*f - 125. Suppose -5*d + f = 0, -3*w + 2167 = -5*d + 719. Is w a composite number?
False
Suppose 25 = 3*h - 0*h + a, -22 = -2*h - 2*a. Let b(y) be the third derivative of y**5/6 + y**4/12 + 37*y**3/6 + 121*y**2. Is b(h) prime?
True
Let q(t) = -t**3 + t**2 + t + 1510. Let v be q(0). Suppose 0*h = -4*u + 4*h + 2016, -3*u + v = -5*h. Let z = u + -254. Is z composite?
False
Let w = 3786925 + -2689746. Is w a prime number?
True
Let z be (-3 - 9)/(3 - 63/14). Let c(t) = 13*t**3 - 9*t**2 + 17*t - 29. Is c(z) a prime number?
False
Suppose -2*m = 3*b - 170, 0 = 2*b - b + 4*m - 70. Suppose y - 273 = -5*p, -4*p + 4*y + 150 + b = 0. Is 16560/p + 1/3 a prime number?
True
Let p(a) = -311*a**3 + 2*a**2. Let d be p(1). Let x = d + 7460. Is x a prime number?
True
Suppose 0 = -4564*k + 4555*k + 17646111. Is k composite?
True
Let i be ((-1203)/12)/((-5 + 7)/(-56)). Let m = 14 - 11. Suppose 0 = -4*v - 2*x + m*x + i, 12 = -4*x. Is v prime?
True
Let v(m) = -16*m**2 + 33*m - 2. Let u(f) = f**2 + 2*f. Let h(n) = 4*u(n) - v(n). Is h(17) composite?
True
Let i(l) = 268*l**2 - 148*l - 271. Is i(-45) a composite number?
False
Suppose -5*x = 15, -4*x + 23445 = h - 0*x. Suppose 0*k + h = 21*k. Is k a composite number?
False
Suppose 14*i = 11*i + 21. Suppose -b + i*b + 840 = 0. Let s = 219 + b. Is s a prime number?
True
Let s(w) = 403*w**2 - 33*w + 87. Is s(15) prime?
False
Let b(g) = -g**2 - 10*g + 27. Let i be b(-12). Let w(p) = 4*p - 8. Let s be w(i). Suppose 0 = -3*u - s*u + 1337. Is u composite?
False
Let k be -3*(91938/(-9))/7. Suppose 0*z - 10887 = -5*x + 2*z, -2*x + k = 5*z. Is x prime?
True
Let m = 37 + -34. Suppose m = -a, -3*c - 3*a - 5 + 2 = 0. Let b(k) = 39*k**2 - 2*k - 3. Is b(c) a prime number?
True
Let c(k) = 5*k**3 - 2*k**2 + 6*k - 3. Let f be c(1). Suppose -4*x - 6 = -x - 3*j, 2 = -5*x + 3*j. Suppose x*v - 378 = g, -f*g + 211 = v - g. Is v prime?
True
Let i = 696531 - 462208. Is i prime?
True
Suppose 1729350 = 11*i - 161011. Is i prime?
True
Suppose 2094490 + 5383362 = -2*u + 6*u. Is u composite?
True
Let k(p) = 429*p**2 + p - 51. Is k(-8) a composite number?
False
Suppose -4*t + 2*t - 2*t = -134716. Is t a prime number?
True
Suppose -5*w + 3*i = -811712, 169*w - 649371 = 165*w + i. Is w composite?
False
Let b = 1 - 2. Let t be -4 - (-3 - -3)/b. Is t/26 + (-248340)/(-260) a prime number?
False
Let m = 64841 - -21420. Is m a composite number?
True
Let h(j) = 2475*j**2 + 5*j + 29. Is h(18) a composite number?
False
Let s(z) be the first derivative of z**3/6 + 163*z**2/2 - 25*z + 25. Let n(p) be the first derivative of s(p). Is n(0) prime?
True
Let i(w) = 754*w**2 + 975*w + 30. Is i(27) composite?
True
Let b(z) be the second derivative of 0 + 21*z**4 - z + 1/2*z**3 + z**2. Is b(-1) prime?
True
Suppose -4*l = -2*x + 471032, 0*l + l = -4*x + 942100. Let h be x/(-18) - 3/9. Is h/(-45) + (-2)/(-9) prime?
False
Is (9/(-4))/((-114)/(-152)) + 99403 + 3 a composite number?
True
Suppose 213184 = 153*x - 145*x. Is 40/(-120) - x/(-6) composite?
False
Suppose 75*n + 8 = 76*n. Suppose 7*w = -n*w + 10425. Is w a composite number?
True
Let c = -80592 + 116339. Is c a composite number?
False
Suppose -r + 2*w + 85243 = 0, 2*r + w - 426182 = -3*r. Suppose 52145 = 14*n - r. Is n a composite number?
True
Let a(x) = 35*x - 212. Let c be a(6). Let u be 2/(-4)*(10 - 0). Is c + (u - -3) + 117 a prime number?
True
Suppose -4*u - 29*u - 99 = 0. Is (-4 - u)*-384 + -2 a composite number?
True
Suppose 0 = 6*d - 11*d + 15. Suppose 0*k = d*k - 2*c + 1, k - c = -2. Suppose 2*j - 144 = -2*t, 2*t - k*j = 2*j + 137. Is t a composite number?
False
Suppose 0 = -3*v - g + 24827, -3*g = 2*v - 0*g - 16556. Suppose -19*n + v = -73710. Is n composite?
True
Let y(i) = i**3 + 12*i**2 + 14*i + 10. Let r = 24 - 34. Let f be y(r). Suppose 6*s - 404 = f. Is s prime?
True
Let p(q) = q**3 + 6*q**2 - 30*q + 10. Let o be p(-10). Let f = o + 632. Is f a prime number?
False
Suppose 4*x = 3*c - x - 1152, 3*x + 768 = 2*c. Suppose 5*f = 2*v - 3*v + 960, -2*f - 2*v = -c. Let s = f - 13. Is s a prime number?
True
Let v(t) = -2*t**3 - 70*t**2 + 59*t + 94. Suppose 0 = -10*h + 195 - 585. Is v(h) a prime number?
False
Let d(a) = a**3 - 18*a**2 - 2*a + 33. Let b be d(18). Let w(v) = -1 - 25*v**3 + 4*v + 2*v**3 - v**3 - 8*v**2. Is w(b) composite?
False
Let l be (-44 - -47)/(3/2696). Let w(y) = y**3 + 40*y**2 - 22*y + 11. Let q be w(-19). Suppose -2*x - u + q - l = 0, 0 = -3*x - 4*u + 7971. Is x composite?
False
Suppose -11*h + 6*h + 35 = 0. Let r = h + -190. Let a = 298 + r. Is a composite?
True
Let v be (-1 - -5) + 26 - 3. Let h be 72/v + 1/3. Suppose h*c = 6*c - 207. Is c a prime number?
False
Suppose 9*y - 800690 = -748659 + 1371418. Is y a composite number?
False
Let o(f) = 83*f - 5. Let p be o(17). Suppose 0 = -2*k - s + p, k = -3*k + 5*s + 2784. Let y = k + -294. Is y a prime number?
False
Let c = -13656 + 97840. Let r = c + -53891. Is r composite?
False
Let c(l) = l**2 + 14*l + 15. Let y be c(-13). Suppose f - y = 476. Suppose -f = -m - m. Is m a composite number?
False
Suppose 2*d = -0*d - 3*h + 17, d + 3*h = 13. Suppose z + 27 = -d*r + 690, 4*r = 2*z - 1278. Is z prime?
True
Suppose 0 = -5*r + 5*j + 115, 0*j - 44 = -2*r + 3*j. Suppose 0 = -2*t + z + z, -z = 4*t - r. Suppose 153 = s - 4*k, s - 493 = -2*s - t*k. Is s prime?
False
Let a(d) = 27*d**2 + d + 2. Let t be a(-6). Suppose -3*n + 16 = x, -5*n = -3*x - 55 + 33. Suppose -w + 5*v = -506 + 7, t = 2*w + n*v. Is w a prime number?
False
Let c(s) = s**3 - 21*s**2 - s - 23. Let d be c(21). Let r be d/(-36) - 1 - 292/18. Is r/(-10) + -2 - 22737/(-5) a composite number?
False
Let l(w) = -4*w - 25. Let k be l(-5). Is 2/k + (-9)/((-225)/70285) prime?
False
Let a(s) = -4*s - 1. Let m be a(-1). Suppose 2*t + 31 = -m*f, t - 5*f = 2*t + 33. Is ((-5754)/t - (-4)/(-16))*1 a composite number?
False
Is (121381 - ((0 - 1) + 1)) + (-8 - -8) prime?
False
Suppose 0 = -2*o - k + 44355, -4*o + 3*o + 22180 = k. Is (12 + -4)/16*(-1 + o) a composite number?
False
Suppose -7*s + 15329203 = 52*s. Is s a prim